= 2*f + 3*u - 48, 2*f - 54 = -5*u + 2. Suppose 2*k - 3 = 3. Suppose 11 = 4*o + k, -5*o = p - f. What is the units digit of p?
8
Let w(t) be the third derivative of -t**6/120 - t**3/6 - 2*t**2. Let s be w(-1). Suppose -21 = -5*u + 4*j + 1, 4*u + 2*j - 28 = s. What is the units digit of u?
6
Let k be (3 + -3)*2/4. Suppose 2*p - 4 - 24 = k. What is the units digit of p?
4
Let s(l) = -2*l**2 - 11*l + 12. What is the units digit of s(-6)?
6
Suppose a - 96 = -3*a. Let u be a/15 + (-4)/(-10). Suppose u*r = 5*n - 16, 0*r + n = -r + 6. What is the units digit of r?
2
Let j(i) = 4*i**3 - 3*i**2 - 2*i - 2. Let h be j(-2). Let z be (h/7)/(3/(-2)). Suppose z + 10 = 2*f. What is the units digit of f?
7
Suppose 2*k - 125 = -k + 4*q, -29 = -k - 5*q. Let x = k + -28. What is the units digit of x?
1
Suppose 261 + 14 = 5*s. Suppose 0 = 5*c - l - s, 3*l - l - 11 = -c. What is the units digit of c?
1
Suppose -q + 4*v = -49, -3*q + 41 = -4*v - 90. What is the units digit of q?
1
Let y = 728 - 389. What is the hundreds digit of y?
3
Suppose -2*r + 0*f = f - 129, 2*r = -2*f + 126. What is the tens digit of r?
6
Suppose 5*k - 47 = -5*b + 93, 2*b + 4*k = 52. Let o be b/(-1) - (1 - 1). What is the units digit of 6/((o/4)/(-5))?
4
Suppose -4*c - 9 - 23 = 0. What is the tens digit of ((-15)/(-2))/((-4)/c)?
1
Suppose -20 - 13 = -a. What is the tens digit of a?
3
Let b be (-72)/60*(-100)/6. Let r(m) = m**2 - 2*m + 1. Let a be r(3). Let u = b - a. What is the units digit of u?
6
What is the units digit of (-5)/(5/(-33)) + -2?
1
Suppose -2 = 5*j - 27. Let i(b) = -b**3 + 5*b**2 + b. What is the units digit of i(j)?
5
Suppose 4*t + 5*k = -9, 3*t - 6*t - 2*k = 5. Let s = t - -5. Suppose 56 = 4*q + 4*d, -s*q + 56 = -0*d - 4*d. What is the tens digit of q?
1
Suppose 2 = h, 0*y - 2*y = -4*h + 4. Let g(i) = 3*i - 3. Let t be g(y). What is the units digit of 0 - (0 + t) - -6?
3
Suppose 0 = 5*s - 15, 4*n + 3*s + s = 128. What is the units digit of n?
9
Let d(b) = b**3 - 2*b**2 - b + 2. Let x be d(3). Suppose 2*n = -0*n + x. What is the units digit of n?
4
Let z = -23 - -284. What is the tens digit of z?
6
Let v(z) = -z**3 + 7*z**2 - 6*z + 1. What is the units digit of v(4)?
5
Suppose 2*d = 4*d - 230. What is the units digit of d?
5
Let l = 10 + -3. What is the units digit of l?
7
Let q = 3 + 45. What is the tens digit of q?
4
Suppose 3*g - g - 10 = 0. Suppose 2*s - 4*d = -9*d + 1, 2*s - d - 19 = 0. Suppose -3*u + s = -4*p, 2*u = -2*u - g*p + 52. What is the units digit of u?
8
Suppose 2*t - 49 = 85. What is the units digit of t?
7
Suppose z = 3*z + 2*t - 4, 0 = -z + 5*t - 10. Let w(x) be the third derivative of -x**4/24 + 7*x**3/6 - 5*x**2. What is the units digit of w(z)?
7
Let z(s) = -9*s - 7. What is the tens digit of z(-3)?
2
Suppose 2*l - 4 = 6. What is the units digit of l?
5
Suppose 2*w + 2 = 6. Suppose a - 15 = w*a. What is the units digit of a/(3*-1) - 1?
4
Let o(l) = -l + 1. Let x be o(3). What is the tens digit of 8/(-4)*14/x?
1
Let s = -4 + 12. Let z = 8 - s. Suppose 4*y + 38 - 114 = z. What is the units digit of y?
9
Let y(b) = b**3 - 8*b**2. Let x be y(8). Suppose 2*t = -0*f + 3*f + 5, x = f + 1. What is the units digit of t?
1
Suppose 0 = 5*m - 25, m + 22 + 38 = 5*k. Suppose -v + k = -6. What is the units digit of v?
9
Suppose 2*j + 10 = -3*j, 2*j = -3*n + 89. What is the units digit of n?
1
Suppose 20 = -3*l - l. Let z(q) = q + 10. What is the units digit of z(l)?
5
Let t be (2 - 5) + 27 + 0. What is the units digit of ((-15)/10)/((-9)/t)?
4
Suppose n = -2*n + 81. What is the tens digit of n?
2
Let c(x) = x**2 - 6*x - 6. Let u be c(7). Let z be u + (1/1)/1. Let g = 3 - z. What is the units digit of g?
1
Let o be 3*(0 + 4/6). Let v(f) = -3*f**2 - f**2 + 4*f**2 + f**o + 7 + 5*f. What is the units digit of v(-6)?
3
Suppose n - 3*n + 6 = 0. Let t = 3 - n. Suppose -2*q + 5*k + 0*k + 13 = 0, 3*q - 5*k - 17 = t. What is the units digit of q?
4
Let f = -81 - -127. What is the tens digit of f?
4
What is the tens digit of -115*((-9)/15)/1?
6
What is the tens digit of 2 - (2775/(-12) + 2/8)?
3
Suppose a - 3 = -1. Suppose -a*i + 4 = -0*i. What is the units digit of i?
2
Let t be 1/((2/(-4))/(-1)). Suppose t*o = -0*o. Let y = 10 + o. What is the units digit of y?
0
Let u = -2 + 3. What is the units digit of (1 - -1)*(2 - u)?
2
Let l(j) = 4*j + 1. Let r be l(1). Suppose -z - 3*z + b + 28 = 0, r*z - 35 = -5*b. What is the units digit of z?
7
Suppose 4*m - 2*w = -3*w + 19, 3*w = -3. Suppose 0 = -3*i + m*h + 1, -i - 4*i - 3*h + 13 = 0. Suppose -d = -i*d + 7. What is the units digit of d?
7
What is the units digit of ((-136)/6 - -2)*(-17 - -14)?
2
Let w be 0 - (-4 + (-12)/(-3)). Suppose 2*m - 6*m + 16 = w. What is the units digit of m?
4
Suppose 2*i + 5*r = 325, 2*i = -2*r + 218 + 110. What is the units digit of i?
5
Suppose 0 = -4*x - 12. Let o(p) = 1 - p + 1 + 1 - 1. What is the units digit of o(x)?
5
Suppose 0 = -4*i - 20, 2*a + 3 = -3*i - 10. Suppose -2*q - a = -3. What is the units digit of q?
1
Suppose -2*z = -4*f - 56, 2*f + f + 90 = 3*z. Suppose d = -2*g + 21, -5*g + 3*d + 37 = -z. What is the units digit of g?
2
Suppose 0 = -3*y + 16 - 1. Let g be (-1)/4 + (-393)/(-4). Suppose 33 = -y*f + g. What is the units digit of f?
3
Let i(r) = -r**3 + 7*r**2 - 13. Let g(t) = t + 1. Let a(w) = 5*g(w) + i(w). What is the tens digit of a(7)?
2
Let f(s) = s**3 + 6*s**2 + 3*s. What is the tens digit of f(-4)?
2
Let j(f) = -f**3 + 2*f**2 + f. Let z be j(2). Suppose z*k + 5*b = 3*k - 14, -b = -5*k + 22. What is the units digit of k?
4
Let a = 7 - -1. Suppose 0 = -d + 2*d - a. What is the units digit of d?
8
Suppose -4*j - 110 = -3*x, -8*x + 4*x + 142 = -3*j. Let o = 47 - x. What is the tens digit of o?
1
Suppose -2*m = -5*i - 32, 3*i + 4 = 3*m - 26. Let r(c) = -2*c**3 + c**3 + 4 - 6*c + c**2 + 6*c**2. What is the units digit of r(m)?
4
Let f = -8 + 6. What is the units digit of f/(3/(-6) + 0)?
4
Let n = -230 + 418. What is the hundreds digit of n?
1
Let m be 3 + 1*(-60)/4. Let v = 27 + m. What is the units digit of v?
5
Let m be (-230)/18 - (-2)/(-9). What is the tens digit of (1 - 2) + (-2 - m)?
1
Let j = -19 - -4. Suppose -3*s - 29 + 3 = -5*k, 0 = -5*s + 2*k - 37. Let z = s - j. What is the units digit of z?
8
Let s be (-2)/(((-15)/(-6))/(-5)). Suppose 3*o + 21 = 2*u - 7*u, -3*o = 2*u + 12. Let n = s + o. What is the units digit of n?
2
Suppose 4*d - 12 = -0*d. Suppose -5*l + 169 = 3*u - 2*u, -4*u = -d*l + 83. What is the tens digit of l?
3
Let x = 89 - -9. What is the tens digit of x?
9
Let h(k) = -13*k**3 - k**2 + 2*k + 2. Suppose -6*g + 5*g = 1. What is the tens digit of h(g)?
1
Let c(p) = 3*p**3 + 1. Let o be c(1). What is the units digit of (o/5)/((-6)/(-60))?
8
Suppose f = -41 + 133. What is the units digit of f?
2
Let v be 1 - (2 - (1 + 19)). Let r be (v/(-2))/(2/(-4)). Let s = -13 + r. What is the units digit of s?
6
Let y be 112 - 12/4 - 1. Suppose -4*p - m - 3*m = -y, 102 = 4*p + 2*m. What is the units digit of p?
4
Suppose -287 = -8*r + 2049. What is the tens digit of r?
9
Suppose -y = -5*y + 32. Let m(s) = -6 - 2 + 0 - y*s - s**2. What is the units digit of m(-6)?
4
Let j = 2 - -2. Suppose 0 = -u + j - 2. Suppose 4*b = k - 1, -u*k + 5 = 4*b - 9. What is the units digit of b?
1
Suppose 24 = 2*i + 2*i. Suppose 0 = -2*u + i*u - 5*w - 78, -4*u = 5*w - 98. What is the units digit of u?
2
Suppose -2 = -3*t + 2*t. Let q(y) = -1. Let a(l) = -l**2 - 2*l - 2. Let f(k) = -a(k) + 5*q(k). What is the units digit of f(t)?
5
What is the units digit of 2/(-9) + (-191)/(-9)?
1
Suppose 5*s - 295 = -30. What is the units digit of s?
3
Let d(h) = h**3 - 11*h**2 + 10*h + 11. Let z be d(10). Suppose -3*w - 5*a + 3*a = 0, -3*a = -3*w - 15. Let l = w + z. What is the units digit of l?
9
Let w = 83 - 82. Let m be 1/(-4) - 42/(-8). Let i = w + m. What is the units digit of i?
6
What is the hundreds digit of (0 + 3*43)/(-73 + 74)?
1
Let q be (-21)/(-4) + 4/(-16). Let v(b) = b**2 - 4*b + 2. What is the units digit of v(q)?
7
Let p = 4 - 2. Suppose -11 = p*g - 89. What is the units digit of g?
9
Let t(i) = -i**2 - 6*i + 3. Let c = 3 - 9. Let b be t(c). Suppose -b*n - 5*m = -21, 5*m - 13 = -4*n + 5*n. What is the units digit of n?
2
Let z(m) = 2*m + 28. Let i be z(-13). Suppose -2*u + 3*u = -o + 14, -35 =